it of 1295647?
5
What is the units digit of 307552?
2
What is the ten millions digit of 17402502?
1
What is the millions digit of 1212382?
1
What is the units digit of 191811?
1
What is the units digit of 494284?
4
What is the tens digit of 16813559?
5
What is the ten thousands digit of 257037?
5
What is the tens digit of 276691?
9
What is the tens digit of 956139?
3
What is the thousands digit of 980506?
0
What is the units digit of 390387?
7
What is the units digit of 5485412?
2
What is the hundreds digit of 252958?
9
What is the tens digit of 12754085?
8
What is the units digit of 188651?
1
What is the hundred thousands digit of 178273?
1
What is the tens digit of 1636909?
0
What is the hundreds digit of 1302540?
5
What is the tens digit of 15464507?
0
What is the units digit of 2050172?
2
What is the hundred thousands digit of 292649?
2
What is the tens digit of 695883?
8
What is the tens digit of 3144043?
4
What is the units digit of 1047283?
3
What is the thousands digit of 1023691?
3
What is the millions digit of 2511531?
2
What is the millions digit of 6164646?
6
What is the units digit of 18288710?
0
What is the hundred thousands digit of 460675?
4
What is the units digit of 38078?
8
What is the thousands digit of 287742?
7
What is the thousands digit of 529069?
9
What is the thousands digit of 8713013?
3
What is the ten thousands digit of 424896?
2
What is the thousands digit of 294880?
4
What is the units digit of 63930?
0
What is the hundreds digit of 313453?
4
What is the units digit of 44102?
2
What is the tens digit of 164213?
1
What is the ten thousands digit of 7844212?
4
What is the hundred thousands digit of 394306?
3
What is the units digit of 38725?
5
What is the units digit of 3295732?
2
What is the thousands digit of 557832?
7
What is the ten thousands digit of 310946?
1
What is the tens digit of 3035951?
5
What is the millions digit of 2120445?
2
What is the thousands digit of 21999787?
9
What is the tens digit of 72669?
6
What is the hundreds digit of 3673933?
9
What is the hundreds digit of 767748?
7
What is the ten millions digit of 18594493?
1
What is the thousands digit of 664747?
4
What is the hundreds digit of 108081?
0
What is the hundred thousands digit of 287021?
2
What is the tens digit of 316576?
7
What is the units digit of 5169611?
1
What is the thousands digit of 772150?
2
What is the hundred thousands digit of 971288?
9
What is the millions digit of 1283476?
1
What is the units digit of 434219?
9
What is the hundreds digit of 171372?
3
What is the ten thousands digit of 396737?
9
What is the units digit of 1119647?
7
What is the ten thousands digit of 171198?
7
What is the tens digit of 164455?
5
What is the millions digit of 19800596?
9
What is the tens digit of 1765453?
5
What is the tens digit of 71754?
5
What is the hundreds digit of 12442888?
8
What is the units digit of 8052413?
3
What is the millions digit of 1626491?
1
What is the ten thousands digit of 30506431?
0
What is the tens digit of 2896952?
5
What is the thousands digit of 551046?
1
What is the units digit of 2272238?
8
What is the thousands digit of 115979?
5
What is the hundreds digit of 80943?
9
What is the hundred thousands digit of 2577528?
5
What is the millions digit of 1339369?
1
What is the thousands digit of 10527306?
7
What is the hundred thousands digit of 110858?
1
What is the hundreds digit of 18011093?
0
What is the units digit of 4252620?
0
What is the tens digit of 1413175?
7
What is the hundred thousands digit of 6388569?
3
What is the ten thousands digit of 257769?
5
What is the hundred thousands digit of 275051?
2
What is the hundreds digit of 7753687?
6
What is the thousands digit of 4402926?
2
What is the millions digit of 1256889?
1
What is the hundred thousands digit of 115598?
1
What is the units digit of 670120?
0
What is the millions digit of 20690734?
0
What is the units digit of 237736?
6
What is the hundred thousands digit of 970731?
9
What is the millions digit of 8347942?
8
What is the hundreds digit of 4805048?
0
What is the hundred thousands digit of 3401133?
4
What is the hundred thousands digit of 357720?
3
What is the millions digit of 24168232?
4
What is the thousands digit of 2047311?
7
What is the tens digit of 72738?
3
What is the hundreds digit of 811702?
7
What is the thousands digit of 3514711?
4
What is the hundred thousands digit of 339539?
3
What is the thousands digit of 2102410?
2
What is the ten thousands digit of 76584?
7
What is the hundred thousands digit of 352194?
3
What is the hundred thousands digit of 1793543?
7
What is the units digit of 3248562?
2
What is the hundreds digit of 722954?
9
What is the thousands digit of 1049713?
9
What is the ten thousands digit of 162944?
6
What is the hundreds digit of 31237560?
5
What is the hundred thousands digit of 1987735?
9
What is the tens digit of 197797?
9
What is the hundreds digit of 1762232?
2
What is the hundred thousands digit of 3352892?
3
What is the tens digit of 1454497?
9
What is the tens digit of 153318?
1
What is the millions digit of 23770812?
3
What is the hundred thousands digit of 1663581?
6
What is the tens digit of 1601445?
4
What is the units digit of 503449?
9
What is the thousands digit of 54450?
4
What is the hundred thousands digit of 202583?
2
What is the tens digit of 6204996?
9
What is the tens digit of 491265?
6
What is the units digit of 749894?
4
What is the ten thousands digit of 2901256?
0
What is the tens digit of 549703?
0
What is the hundreds digit of 4359775?
7
What is the tens digit of 1111274?
7
What is the hundreds digit of 1599082?
0
What is the hundred thousands digit of 2243525?
2
What is the ten thousands digit of 803901?
0
What is the ten thousands digit of 3370138?
7
What is the ten thousands digit of 1070159?
7
What is the hundred thousands digit of 5005268?
0
What is the ten thousands digit of 3563335?
6
What is the thousands digit of 678300?
8
What is the tens digit of 11750969?
6
What is the hundreds digit of 201623?
6
What is the ten thousands digit of 4054408?
5
What is the hundred thousands digit of 29913487?
9
What is the units digit of 170000?
0
What is the millions digit of 1066375?
1
What is the hundreds digit of 1537557?
5
What is the millions digit of 4364348?
4
What is the hundreds digit of 44524?
5
What is the units digit of 1327513?
3
What is the thousands digit of 347749?
7
What is the hundreds digit of 189397?
3
What is the units digit of 2382073?
3
What is the hundred thousands digit of 4124231?
1
What is the ten thousands digit of 929244?
2
What is the millions digit of 6351572?
6
What is the thousands digit of 485104?
5
What is the ten thousands digit of 9049339?
4
What is the units digit of 3854920?
0
What is the units digit of 258547?
7
What is the hundred thousands digit of 176394?
1
What is the tens digit of 246673?
7
What is the ten thousands digit of 205324?
0
What is the units digit of 17127524?
4
What is the hundreds digit of 60858?
8
What is the units digit of 61535?
5
What is the hundreds digit of 376554?
5
What is the hundred thousands digit of 270798?
2
What is the units digit of 22063290?
0
What is the units digit of 12072125?
5
What is the hundred thousands digit of 22680437?
6
What is the hundreds digit of 1100203?
2
What is the thousands digit of 197296?
7
What is the units digit of 309283?
3
What is the tens digit of 3043899?
9
What is the hundreds digit of 13977445?
4
What is the hundred thousands digit of 1086544?
0
What is the ten thousands digit of 37380?
3
What is the hundred thousands digit of 851828?
8
What is the ten thousands digit of 17111?
1
What is the hundreds digit of 16871?
8
What is the units digit of 31434?
4
What is the thousands digit of 5238929?
8
What is the units digit of 9972602?
2
What is the thousands digit of 236591?
6
What is the units digit of 7473327?
7
What is the tens digit of 143301?
0
What is the tens digit of 18634?
3
What is the units digit of 13624987?
7
What is the units digit of 1620899?
9
What is the hundred thousands digit of 4624181?
6
What is the hundreds digit of 304641?
6
What is the hundreds digit of 1569324?
3
What is the ten thousands digit of 345929?
4
What is the hundred thousands digit of 4748539?
7
Wha